{"id":14987,"date":"2023-08-31T13:50:06","date_gmt":"2023-08-31T11:50:06","guid":{"rendered":"http:\/\/tienda.ciademaria.net\/tiendaotroswp1\/?page_id=14987"},"modified":"2026-05-11T22:51:31","modified_gmt":"2026-05-11T20:51:31","slug":"educacion-primaria","status":"publish","type":"page","link":"http:\/\/tienda.ciademaria.net\/ventaservicios\/?page_id=14987","title":{"rendered":"Educaci\u00f3n Primaria"},"content":{"rendered":"<div class=\"wp-block-image\">\n<figure class=\"aligncenter size-large\"><img loading=\"lazy\" decoding=\"async\" width=\"666\" height=\"504\" src=\"http:\/\/tienda.ciademaria.net\/ventaservicios\/wp-content\/uploads\/2024\/10\/pri.png\" alt=\"\" class=\"wp-image-26020\" srcset=\"http:\/\/tienda.ciademaria.net\/ventaservicios\/wp-content\/uploads\/2024\/10\/pri.png 666w, http:\/\/tienda.ciademaria.net\/ventaservicios\/wp-content\/uploads\/2024\/10\/pri-300x227.png 300w\" sizes=\"auto, (max-width: 666px) 85vw, 666px\" \/><\/figure><\/div>\n\n\n<p class=\"has-text-align-center has-bright-red-color has-text-color has-medium-font-size\"><strong><strong>Actividades y servicios comunes al ciclo<\/strong><\/strong><\/p>\n\n\n\n<p class=\"has-dark-gray-color has-very-light-gray-to-cyan-bluish-gray-gradient-background has-text-color has-background has-link-color wp-elements-b9bdc8423a3f4284e56205ddb9b8959a\">Servicio de guarder\u00eda y comedor. Puente de Todos los Santos 2025<\/p>\n\n\n<div class=\"wp-block-image\">\n<figure class=\"aligncenter size-full\"><img loading=\"lazy\" decoding=\"async\" width=\"340\" height=\"156\" src=\"http:\/\/tienda.ciademaria.net\/ventaservicios\/wp-content\/uploads\/2026\/04\/logo-fisc-ong-1.png\" alt=\"\" class=\"wp-image-38488\" srcset=\"http:\/\/tienda.ciademaria.net\/ventaservicios\/wp-content\/uploads\/2026\/04\/logo-fisc-ong-1.png 340w, http:\/\/tienda.ciademaria.net\/ventaservicios\/wp-content\/uploads\/2026\/04\/logo-fisc-ong-1-300x138.png 300w\" sizes=\"auto, (max-width: 340px) 85vw, 340px\" \/><\/figure><\/div>\n\n\n<p class=\"has-dark-gray-color has-very-light-gray-to-cyan-bluish-gray-gradient-background has-text-color has-background has-link-color wp-elements-d426ec3cee705b67577dd0e23bd7c0d5\">CONVIVENCIA SOLIDARIA FISC. Inscripci\u00f3n y pago<\/p>\n\n\n\n<hr class=\"wp-block-separator has-text-color has-dark-gray-color has-css-opacity has-dark-gray-background-color has-background is-style-wide\"\/>\n\n\n\n<p class=\"has-text-align-center has-white-color has-midnight-gradient-background has-text-color has-background has-medium-font-size\">1\u00ba EDUCACI\u00d3N PRIMARIA<\/p>\n\n\n\n<p class=\"has-dark-gray-color has-very-light-gray-to-cyan-bluish-gray-gradient-background has-text-color has-background has-link-color wp-elements-799b3bcded2ae5885069df6e7df4e940\"><strong>Inscripci\u00f3n y pago para participar en procesi\u00f3n de Semana Santa 2026<\/strong><\/p>\n\n\n\n<p class=\"has-dark-gray-color has-very-light-gray-to-cyan-bluish-gray-gradient-background has-text-color has-background has-link-color wp-elements-524d4dca30b4710fa78f3086a3a1490e\"><strong>Inscripci\u00f3n y pago. Excursi\u00f3n a Lucainena<\/strong><\/p>\n\n\n\n<p class=\"has-text-align-center has-white-color has-midnight-gradient-background has-text-color has-background has-medium-font-size\">2\u00ba EDUCACI\u00d3N PRIMARIA<\/p>\n\n\n\n<p class=\"has-dark-gray-color has-very-light-gray-to-cyan-bluish-gray-gradient-background has-text-color has-background has-link-color wp-elements-799b3bcded2ae5885069df6e7df4e940\"><strong>Inscripci\u00f3n y pago para participar en procesi\u00f3n de Semana Santa 2026<\/strong><\/p>\n\n\n\n<p class=\"has-dark-gray-color has-very-light-gray-to-cyan-bluish-gray-gradient-background has-text-color has-background has-link-color wp-elements-9589fe7539567912dd91d414796f2635\"><strong>Catequesis. Curso 2025\/2026<\/strong><\/p>\n\n\n\n<p class=\"has-dark-gray-color has-very-light-gray-to-cyan-bluish-gray-gradient-background has-text-color has-background has-link-color wp-elements-524d4dca30b4710fa78f3086a3a1490e\"><strong>Inscripci\u00f3n y pago. Excursi\u00f3n a Lucainena<\/strong><\/p>\n\n\n\n<p class=\"has-text-align-center has-white-color has-midnight-gradient-background has-text-color has-background has-medium-font-size\">3\u00ba EDUCACI\u00d3N PRIMARIA<\/p>\n\n\n\n<p class=\"has-dark-gray-color has-very-light-gray-to-cyan-bluish-gray-gradient-background has-text-color has-background has-link-color wp-elements-9589fe7539567912dd91d414796f2635\"><strong>Catequesis. Curso 2025\/2026<\/strong><\/p>\n\n\n\n<p class=\"has-dark-gray-color has-very-light-gray-to-cyan-bluish-gray-gradient-background has-text-color has-background has-link-color wp-elements-df98d840ba81f6a5038730807fb08cb3\"><strong>Inscripci\u00f3n y pago. Excursi\u00f3n a Castala<\/strong><\/p>\n\n\n\n<p class=\"has-text-align-center has-white-color has-midnight-gradient-background has-text-color has-background has-medium-font-size\">4\u00ba EDUCACI\u00d3N PRIMARIA<\/p>\n\n\n\n<p class=\"has-dark-gray-color has-very-light-gray-to-cyan-bluish-gray-gradient-background has-text-color has-background has-link-color wp-elements-5b6bb0d8c7232418c49f34f71c63443f\"><strong>Catequesis y Sacramento de la Comuni\u00f3n. Curso 2025\/2026<\/strong><\/p>\n\n\n\n<p class=\"has-dark-gray-color has-pale-ocean-gradient-background has-text-color has-background has-link-color wp-elements-1dd1989699e48112b39827480bf9f13a\"><strong><a href=\"http:\/\/tienda.ciademaria.net\/ventaservicios\/?page_id=31931\">Inscripci\u00f3n Grupos Lestonnac<\/a><\/strong><\/p>\n\n\n\n<p class=\"has-dark-gray-color has-very-light-gray-to-cyan-bluish-gray-gradient-background has-text-color has-background has-link-color wp-elements-ecc4bc5eccad29313520ec28e46d13fb\"><strong><a href=\"http:\/\/tienda.ciademaria.net\/ventaservicios\/?page_id=36868\">Inscripci\u00f3n y pago. Excursi\u00f3n a Castala<\/a><\/strong><\/p>\n\n\n\n<p class=\"has-text-align-center has-white-color has-midnight-gradient-background has-text-color has-background has-medium-font-size\">5\u00ba EDUCACI\u00d3N PRIMARIA<\/p>\n\n\n\n<p class=\"has-dark-gray-color has-pale-ocean-gradient-background has-text-color has-background has-link-color wp-elements-1dd1989699e48112b39827480bf9f13a\"><strong><a href=\"http:\/\/tienda.ciademaria.net\/ventaservicios\/?page_id=31931\">Inscripci\u00f3n Grupos Lestonnac<\/a><\/strong><\/p>\n\n\n\n<p class=\"has-dark-gray-color has-pale-ocean-gradient-background has-text-color has-background has-link-color wp-elements-ffa69f59f12da96555b07848ac91821d\"><strong><a href=\"http:\/\/tienda.ciademaria.net\/ventaservicios\/?page_id=35089\">Campamento LESTONNAC 2026. Reserva de plaza<\/a><\/strong><\/p>\n\n\n\n<p class=\"has-dark-gray-color has-very-light-gray-to-cyan-bluish-gray-gradient-background has-text-color has-background has-link-color wp-elements-826958d59bb76646a92d16fc8b1c4db7\"><strong>Inscripci\u00f3n y pago. Excursi\u00f3n al Parque de las Ciencias<\/strong><\/p>\n\n\n\n<p class=\"has-dark-gray-color has-luminous-vivid-amber-to-luminous-vivid-orange-gradient-background has-text-color has-background has-link-color wp-elements-755a4565a4e79419a47e2715daf887d4\"><strong><a href=\"http:\/\/tienda.ciademaria.net\/ventaservicios\/?page_id=37527\">Campamento LESTONNAC 2026. Pago del segundo plazo<\/a><\/strong><\/p>\n\n\n\n<p class=\"has-text-align-center has-white-color has-midnight-gradient-background has-text-color has-background has-medium-font-size\">6\u00ba EDUCACI\u00d3N PRIMARIA<\/p>\n\n\n\n<p class=\"has-dark-gray-color has-pale-ocean-gradient-background has-text-color has-background has-link-color wp-elements-1dd1989699e48112b39827480bf9f13a\"><strong><a href=\"http:\/\/tienda.ciademaria.net\/ventaservicios\/?page_id=31931\">Inscripci\u00f3n Grupos Lestonnac<\/a><\/strong><\/p>\n\n\n\n<p class=\"has-dark-gray-color has-pale-ocean-gradient-background has-text-color has-background has-link-color wp-elements-ffa69f59f12da96555b07848ac91821d\"><strong><a href=\"http:\/\/tienda.ciademaria.net\/ventaservicios\/?page_id=35089\">Campamento LESTONNAC 2026. Reserva de plaza<\/a><\/strong><\/p>\n\n\n\n<p class=\"has-dark-gray-color has-very-light-gray-to-cyan-bluish-gray-gradient-background has-text-color has-background has-link-color wp-elements-1d734398564e405647f9dad43788218a\"><strong>Inscripci\u00f3n y pago del primer plazo. Viaje de estudios<\/strong><\/p>\n\n\n\n<p class=\"has-dark-gray-color has-very-light-gray-to-cyan-bluish-gray-gradient-background has-text-color has-background has-link-color wp-elements-1817325afb68a373085684fd3940c4dd\"><strong>Pago del segundo plazo. Viaje de estudios<\/strong><\/p>\n\n\n\n<p class=\"has-dark-gray-color has-luminous-vivid-amber-to-luminous-vivid-orange-gradient-background has-text-color has-background has-link-color wp-elements-755a4565a4e79419a47e2715daf887d4\"><strong><a href=\"http:\/\/tienda.ciademaria.net\/ventaservicios\/?page_id=37527\">Campamento LESTONNAC 2026. Pago del segundo plazo<\/a><\/strong><\/p>\n\n\n\n<hr class=\"wp-block-separator has-text-color has-dark-gray-color has-css-opacity has-dark-gray-background-color has-background is-style-wide\"\/>\n\n\n<div class=\"wp-block-image is-style-default\">\n<figure class=\"aligncenter size-large\"><img loading=\"lazy\" decoding=\"async\" width=\"500\" height=\"81\" src=\"http:\/\/tienda.ciademaria.net\/ventaservicios\/wp-content\/uploads\/2019\/09\/logo_almeria-e1568286844576.png\" alt=\"\" class=\"wp-image-8\"\/><\/figure><\/div>\n\n\n<p><\/p>\n","protected":false},"excerpt":{"rendered":"<p>Actividades y servicios comunes al ciclo Servicio de guarder\u00eda y comedor. Puente de Todos los Santos 2025 CONVIVENCIA SOLIDARIA FISC. Inscripci\u00f3n y pago 1\u00ba EDUCACI\u00d3N PRIMARIA Inscripci\u00f3n y pago para participar en procesi\u00f3n de Semana Santa 2026 Inscripci\u00f3n y pago. Excursi\u00f3n a Lucainena 2\u00ba EDUCACI\u00d3N PRIMARIA Inscripci\u00f3n y pago para participar en procesi\u00f3n de Semana &hellip; <a href=\"http:\/\/tienda.ciademaria.net\/ventaservicios\/?page_id=14987\" class=\"more-link\">Continuar leyendo<span class=\"screen-reader-text\"> \u00abEducaci\u00f3n Primaria\u00bb<\/span><\/a><\/p>\n","protected":false},"author":1,"featured_media":0,"parent":0,"menu_order":0,"comment_status":"closed","ping_status":"closed","template":"","meta":{"footnotes":""},"class_list":["post-14987","page","type-page","status-publish","hentry"],"_links":{"self":[{"href":"http:\/\/tienda.ciademaria.net\/ventaservicios\/index.php?rest_route=\/wp\/v2\/pages\/14987","targetHints":{"allow":["GET"]}}],"collection":[{"href":"http:\/\/tienda.ciademaria.net\/ventaservicios\/index.php?rest_route=\/wp\/v2\/pages"}],"about":[{"href":"http:\/\/tienda.ciademaria.net\/ventaservicios\/index.php?rest_route=\/wp\/v2\/types\/page"}],"author":[{"embeddable":true,"href":"http:\/\/tienda.ciademaria.net\/ventaservicios\/index.php?rest_route=\/wp\/v2\/users\/1"}],"replies":[{"embeddable":true,"href":"http:\/\/tienda.ciademaria.net\/ventaservicios\/index.php?rest_route=%2Fwp%2Fv2%2Fcomments&post=14987"}],"version-history":[{"count":94,"href":"http:\/\/tienda.ciademaria.net\/ventaservicios\/index.php?rest_route=\/wp\/v2\/pages\/14987\/revisions"}],"predecessor-version":[{"id":38959,"href":"http:\/\/tienda.ciademaria.net\/ventaservicios\/index.php?rest_route=\/wp\/v2\/pages\/14987\/revisions\/38959"}],"wp:attachment":[{"href":"http:\/\/tienda.ciademaria.net\/ventaservicios\/index.php?rest_route=%2Fwp%2Fv2%2Fmedia&parent=14987"}],"curies":[{"name":"wp","href":"https:\/\/api.w.org\/{rel}","templated":true}]}}